e w(-1). Give d(q).
16
Suppose c + 2*c - 18 = 0. Let d(n) = 3*n**2 - 3*n - 2. Let s(m) = m**2 + m + 2*m**2 - 2*m**2 - 1. Let w(t) = d(t) - 2*s(t). Calculate w(c).
6
Let q(d) = -d + 3. Let k(n) = n**3 - 16*n**2 + 16*n - 15. Let m be k(15). Determine q(m).
3
Let b = -11 + 13. Let q(w) = -5 - w**b + 4*w - 5 + 4. What is q(4)?
-6
Let h(a) be the third derivative of -a**6/120 + a**5/15 - a**4/12 - a**3/3 - 16*a**2. Give h(3).
1
Let b(t) = 2*t**2 + 2*t - 1. Let m be b(-2). Suppose m*i - i + 3*g = 16, -5*i - g = -40. Let l = i + -7. Let j(d) = -6*d**2 - d. What is j(l)?
-7
Let k(f) = -f**2 - 7*f - 2. Let i(r) = -12*r + r**2 - 6 - 9*r + 8*r**2 - 12*r**2. Let y(u) = 4*i(u) - 11*k(u). What is y(-5)?
8
Let k(v) = -1 + 3*v + 1 + 3*v**2. Let a = 17 + -19. Give k(a).
6
Let c(w) = 0*w**3 - 3*w**2 + 3*w + w**3 - 3*w**2 - 12 + 9. Give c(5).
-13
Let t(d) = -d**2 + 2*d + 5. Let b = 39 - 34. What is t(b)?
-10
Let r(h) be the first derivative of 3*h**2/2 + h - 2. Let k be r(1). Let p(i) = i**3 - 5*i**2 + 5*i - 4. Give p(k).
0
Let i(p) = -2*p - 2. Let z(s) be the second derivative of -5*s**2 + 2*s + 1/20*s**5 + 3/4*s**4 + 0 + 7/6*s**3. Let d be z(-8). What is i(d)?
2
Let g(s) = -s**2 - 6*s - 5. Let n(d) = d - 1. Let m be (-4)/14 - 26/7. Let j be n(m). Give g(j).
0
Let t(a) = -a**2 + a - 1. Let h = -48 - -51. What is t(h)?
-7
Suppose -2*x + 13 - 1 = 0. Let j(f) = 23 + 32 - 58 - 6*f**2 + f**3. Determine j(x).
-3
Let d(g) be the third derivative of -g**6/60 - g**5/60 + g**4/24 + g**3/6 + 10*g**2. Calculate d(2).
-17
Let r(s) be the first derivative of -s**3/3 - 9*s**2/2 - 10*s + 59. Give r(-9).
-10
Let z(k) = -4*k + 4*k**2 - 4*k**3 + 2 + 3*k**3 + k**2. Let n be 0/2*(3 + -4). Suppose -p = -2*f - 0*p + 6, f + 5*p - 3 = n. Calculate z(f).
8
Let g be 2/6*-1*-6. Suppose -2*s + g = -8. Let c(q) = q - 2. Give c(s).
3
Suppose 0 = 4*y + 5*i - 29, -2*y = -4*y - 5*i + 17. Let a(c) = 8*c**3 - 5*c**2 - 6 - 6*c**3 - 6*c - c**3. Determine a(y).
-6
Let p(w) = -w**2 + 6*w - 6. Let r be (18 + 0)*(-1)/(-3). Give p(r).
-6
Let a(k) be the first derivative of k**3/3 + 2*k**2 + 5*k - 9. Calculate a(-4).
5
Let v(c) = c**3 + 7*c**2 + 4*c - 2. Let b(p) = -p**2 - p. Let u(k) = 2*b(k) + v(k). What is u(-2)?
6
Suppose f + h - 3 = -3*f, -5*f - 2*h + 3 = 0. Let p(i) = i. Calculate p(f).
1
Let a(n) be the first derivative of 1 - 3*n + 1/2*n**2. Suppose 2*k + 11 = 5*x, -2*x = -4*k - 0*k + 2. Determine a(x).
0
Let p = 34 + -22. Let f(m) = -8 + 1 + p + 2*m. What is f(-6)?
-7
Let h(w) = -w - 3. Suppose 4*z - 3*s + 19 = 0, -z - 5*s - 14 = 8. Determine h(z).
4
Let s(t) = -t**3 + t**2 + 2*t - 1. Let u = 22 - 21. What is s(u)?
1
Let o be (0 + (-7 - -3))/(1/1). Let j(f) = -f - 5. Determine j(o).
-1
Let q(r) = -r**3 - 2*r**2 + r - 2. Let d = 8 + -4. Suppose 0*t = -2*t - 6, -d*t = -5*o + 32. Suppose -2 = -o*p - 14. What is q(p)?
4
Let x = 21 - 13. Suppose 3*k + x = 4*g, 3*k - 8 = -3*g - 2. Let q(v) = -3*v**2 + 3*v. Determine q(g).
-6
Let o(x) = 7*x + 6. Let k(m) = -3*m - 3. Let w(i) = -5*k(i) - 2*o(i). Calculate w(0).
3
Let t(l) = 2*l + 8. Let v(u) = -5*u - 17. Let d(r) = -7*t(r) - 3*v(r). Determine d(6).
1
Let r(d) = -4*d - 1. Let m be r(-1). Let w = m + 1. Suppose 0*v + w = -v. Let z(h) = h + 3. What is z(v)?
-1
Let r(t) = t**3 + 3*t**2 - 4*t - 6. Let x(z) = 2*z**2 + 5*z - 7. Let s be x(-3). Determine r(s).
-6
Let q(l) be the third derivative of -7*l**4/24 - 3*l**2. Suppose z + 1 = -0. Calculate q(z).
7
Let t(j) be the second derivative of -1/3*j**3 + 0 + 3/2*j**2 - 1/3*j**4 - j + 1/20*j**5. What is t(3)?
-12
Let c = 51 - 55. Let y(d) = -5*d - 6. Determine y(c).
14
Let j(o) = -o**3 - o + 1. Let d(v) = 4*v**3 - 4*v**2 + 6*v - 5. Let w(k) = -k**2 - 2*k + 1. Let s be w(-2). Let i(n) = s*d(n) + 2*j(n). Calculate i(2).
5
Suppose -18 = -5*a + 3*o, -3*a - 5 = -6*a - 4*o. Let d = -27 - -31. Suppose -3 = k - a*h, k - 2 + 5 = d*h. Let r(p) = p**3 + 2*p**2 + 2. What is r(k)?
-7
Let k(n) = -n**2 - 11*n + 6. Let c(i) = -i + 1. Let f be 80/15 - 3/9. Let o(j) = f*c(j) - k(j). Give o(-5).
-6
Let z(c) = 2*c - 1. Let d be z(-2). Let p(s) = s + 5. Give p(d).
0
Let p(d) = -d**2 + 5*d + 8. Let f(k) = -k**2 + 5*k + 8. Let h(u) = -3*f(u) + 2*p(u). Let v be h(7). Let n(m) = -m**2 + 5*m - 1. Determine n(v).
-7
Let i be (-34)/(-9) - (-8)/36. Suppose -j - 19 = -2*j - 3*n, -2*j - i*n + 28 = 0. Let p(u) = 3 + 0*u + j*u - 3*u. Give p(-2).
1
Let h be (2/4)/(1/(-2)). Let t = h - 2. Let x = -2 - t. Let j(n) = -2*n**2 + 2*n - 1. Determine j(x).
-1
Let n(l) = -25*l**2 + 13*l + 9. Let f(x) = -6*x**2 + 3*x + 2. Let d(k) = -9*f(k) + 2*n(k). Give d(1).
3
Let u be 5/(-20) + (-26)/(-8). Suppose 4*t = -2*n - u*n - 41, -3*n = 3*t + 27. Let i(f) = -f**2 - 2*f. Determine i(t).
-8
Let s(v) = v**2 - 6. Suppose 0 = -8*o + 5*o. Give s(o).
-6
Let t(w) = w + 1. Let h(p) = -7*p - 9. Let u(n) = -h(n) - 6*t(n). Let s = -10 + 5. Calculate u(s).
-2
Let p(w) = w**3 + 6*w**2 + 3*w - 6. Suppose 7*g = 3*z + 2*g - 5, -3*g - 3 = -3*z. Let q = z - -9. Suppose -3*t - 2*m - q - 12 = 0, m = 3*t + 12. What is p(t)?
4
Let s = -104 + 112. Let k(z) = -2*z + 12. Determine k(s).
-4
Let k = -69 - -63. Let m(b) = b**2 + 7*b + 2. What is m(k)?
-4
Let v(f) = -4*f**2 + f - 2. Let b(y) = -21*y**2 + 6*y - 11. Let a(k) = -2*b(k) + 11*v(k). Calculate a(-3).
-15
Let w = -1/248 + 4/31. Let q(c) be the third derivative of 0*c + w*c**4 - c**2 + 0 - 1/2*c**3. Calculate q(3).
6
Let l be ((-21)/6)/(1/2). Let d(y) = -2*y**3 + 6*y**2 - 3*y + 9. Let x(t) = -t**3 + t. Let n(z) = d(z) - 3*x(z). What is n(l)?
2
Suppose 0 = -3*l + o + 21, 9 + 9 = l - 4*o. Suppose 0 = l*t - 3*t - 9. Let s(g) = -2*g**2 + 5*g - 3. Give s(t).
-6
Let l = -4 - -5. Let y be 10/(0 + -2) + l. Let j(q) = -q**2 - 5*q - 3. What is j(y)?
1
Let w = -8 + 11. Suppose -2 - w = -h. Suppose -h*t - 10 = -3*t. Let u(g) = g + 5. Determine u(t).
0
Let k(y) = -3*y + 5*y - 24 - 4*y + 15. What is k(-8)?
7
Let z(k) = -k**3 + 4*k**2 - 4*k + 3. Suppose -1 = b - 3*h, -5*b + 3 = -h - 6. What is z(b)?
3
Let b(n) be the first derivative of n**3/3 - 13*n + 17. What is b(0)?
-13
Let n(u) = u. Let g(j) = -3 + 0 + j + 2 - 1. Let z be g(-3). What is n(z)?
-5
Let w(l) = l - 4. Let z(y) = y**2 - 2*y + 4. Let k be z(3). Suppose r - 11 = -2*a, -1 = -2*a + k. Give w(r).
-1
Let o be (4 - 2)/(2 - 1). Let k(h) = -4*h**2 + o*h + 51 - 28 - 24. Determine k(2).
-13
Let q be 0/(5 + -4 - 2). Let i(n) be the second derivative of -1/12*n**4 + 3*n + q - n**2 - 1/3*n**3. Determine i(-3).
-5
Let b be 0*((-30)/18)/5. Let x(p) = -p**2 + p + 8. Determine x(b).
8
Suppose 0*f = 3*f - 9. Suppose -1 = d + f. Let h(p) = -1 + 4 - 5 + p - 2*p. What is h(d)?
2
Suppose -4*f + 4*q = -0*f - 20, -7 = f - 4*q. Suppose -4*b = -f*b + 10. Let h(g) be the first derivative of -g**2 + 3*g + 1. Give h(b).
-1
Let w be 1 + -4 - (-9)/(-1). Let v be (5/(-4))/(3/w). Let z(b) = b**3 - 5*b**2 + b - 3. What is z(v)?
2
Let t(d) = -5*d**2 - 2*d + 1. Let o(g) = -g**2 - 4*g + 1. Let z be o(-4). What is t(z)?
-6
Let d(y) be the first derivative of 3*y**2/2 + 5*y + 4. What is d(-4)?
-7
Let m be (-4 + 1)*(-4)/6. Let r(f) = -4*f**m - 5 + 4 + 3*f**2 - 5*f. Calculate r(-2).
5
Let h(v) be the third derivative of -v**4/24 - v**3/2 + v**2. Let r be -9 + 7 + 6 + -1. What is h(r)?
-6
Let v(j) = j**3 + 4*j**2 + 4*j + 3. Suppose -2*d - 7 = -0*d + a, 4*d + 20 = -4*a. Give v(d).
3
Let i(j) be the third derivative of j**5/60 - j**4/8 + j**3/6 + 4*j**2. Give i(4).
5
Let z(y) = 2*y + 1. Let f be 1/3 - 8/24. Suppose f = 2*o - 7 + 1. Calculate z(o).
7
Let p(f) = -3*f**3 + 4*f**2 - 2*f. Suppose c + 4 = 6. What is p(c)?
-12
Let d be (-2)/(-7) - (-372)/(-28). Let g(y) = -5*y**2 - 5*y - 9. Let i(p) = 11*p**2 + 10*p + 19. Let s(k) = d*g(k) - 6*i(k). Determine s(6).
-3
Let i(h) be the third derivative of -h**6/120 + h**5/20 + h**4/8 + 2*h**3/3 - 17*h**2. Give i(4).
0
Let b(w) be the third derivative of 1/60*w**5 + 7/6*w**3 + 0*w - 5*w**2 - 5/24*w**4 + 0. What is b(5)?
7
Suppose -3*w + 0*w = 3. Let q be 2/(-8) + 3/(-4). Let r = w - q. Let m(s) = s**2 + s + 2. What is m(r)?
2
Suppose 6*l = 27 - 3. Let v(k) = k**2 - 6*k + 2. Determine v(l).
-6
Let a = -27 - -30. Let o(n) = n**2 - n - 1. What is o(a)?
5
Let v = 0 + 5. Suppose 0 = h - 2*i + 5, 0 = -0*h + h - v*i + 17. Let f(t) = -2*t - 2. Let q(w) = 3*w + 2. Let l(c) = -6*f(c) - 5*q(